tors of d.
2, 3, 5, 7
Suppose -16591 = -g + 3*i, 49531 - 16357 = 2*g - 2*i. List the prime factors of g.
5, 31, 107
Let n(t) = -45*t + 831. List the prime factors of n(7).
2, 3, 43
Let y(t) = -4*t + 1. Suppose 6 = -4*p + 2. Let i be y(p). Suppose 0 = -2*z + 8, i*a = z + 101. List the prime factors of a.
3, 7
Suppose -118 = 2*d + 5*v, -d + 4*v - 2*v = 41. Let n = -44 - d. Suppose -258 - 202 = -n*a. List the prime factors of a.
2, 23
Let o = -7750 - -15632. List the prime factors of o.
2, 7, 563
Suppose -4497 - 1183 = -16*q. Let y = 809 + q. List the prime factors of y.
2, 3, 97
Let v(y) = -1718*y**3 - y**2 - 56*y - 103. What are the prime factors of v(-2)?
3, 4583
Suppose 11766 + 45078 = j - a, 4*a - 284301 = -5*j. List the prime factors of j.
3, 6317
Let v(y) = y**3 + 14*y**2 - 22*y - 7. Let q = 28 - 26. Suppose -5*k = q*k + 105. What are the prime factors of v(k)?
2, 7
What are the prime factors of (11380/16 - -4)/((-1)/(-4))?
2861
Suppose -5*t = y - 21801, -12*y + 15*y = -2*t + 65377. List the prime factors of y.
7, 11, 283
Let a(r) = 3*r + 4*r + 308*r**2 - 6 - 5*r + 8. Let t be a(-1). Suppose -2*z = -5*b + 287, 5*z - 92 + t = 4*b. What are the prime factors of b?
59
List the prime factors of 6956 + (4 + 8 + -4 - 5).
6959
Let a(p) = 301*p + 2398. List the prime factors of a(28).
2, 5413
Suppose -5*x - 12*q + 8*q + 5633 = 0, 3*q = -9. Let v = x - 327. What are the prime factors of v?
2, 401
Let j(n) = n**2 - n - 30. Let t be j(10). Suppose 4*h = -5*r + 56, 5*r + 5*h = -0*h + t. Suppose 17*g - 1413 = r*g. What are the prime factors of g?
157
Let w(z) = 12*z**3 + 6*z + 11. Let s be 25/20*-4 + 8. List the prime factors of w(s).
353
Let z be (-1)/8 + (-3211)/(-152). Suppose 0 = 4*w + 3*h - 910, -20*w - 224 = -z*w + h. List the prime factors of w.
2, 113
Suppose -87*z + 85*z = -73307 + 13767. List the prime factors of z.
2, 5, 13, 229
Let s(y) = -y + 15. Let v be s(2). What are the prime factors of 17095/v*(-2)/(-5)?
2, 263
Let x be (-5 + 68/12)*18/4. Let w(a) = -4*a + 11. Let p be w(x). List the prime factors of (-55 - 2/(2/(-3)))*p.
2, 13
Let a = -33 + 36. Suppose -1 = -2*s + 1, s + 383 = a*v. List the prime factors of v.
2
Let f(k) = -3*k**3 - 378*k**2 + 137*k + 815. What are the prime factors of f(-128)?
17, 4799
Suppose 3*f = -5*d + 85124, -2*d + 6*f + 34037 = 3*f. What are the prime factors of d?
29, 587
Let s(t) = 54*t**2 - 46*t + 20. What are the prime factors of s(17)?
2, 3, 1237
Suppose 2*u - 40690 = -30*x + 29*x, 5*x = 6*u - 122006. What are the prime factors of u?
20341
Let r be 14/5 + -3 + (-4360)/(-50). Let f = 317 - r. List the prime factors of f.
2, 5, 23
Let x(f) = -14*f + 511. Suppose 5*o + i + 3 = 6*o, -o + 5*i = -15. What are the prime factors of x(o)?
7, 73
Let c = 11984 - 5984. Suppose 2*g + 13*g = c. What are the prime factors of g?
2, 5
Suppose -741 - 1075 = 4*v. Let n be v/(-8) + (-3 - (-36)/16). List the prime factors of 95/(-2)*n/(-20).
7, 19
Suppose h - 3693 = 100. Suppose -5*y + 3*w + h = 0, 5*y - 2487 - 1299 = -4*w. What are the prime factors of y?
2, 379
Suppose 0 = -41*y + 45*y - 400. List the prime factors of (-5)/(y/(-12)) + (-21084)/(-60).
2, 11
Let u(i) = -56*i - 61. Let m be u(-11). Suppose 833 + m = 4*x. List the prime factors of x.
347
Let a(u) = 3*u**2 - 19*u + 31. Let b be a(4). Suppose 0 = 3*v - 0*v + n - 1640, 1660 = b*v + 5*n. List the prime factors of v.
5, 109
Let v(r) = 19*r + 1. Let k be v(6). Let d(n) = n**3 - 2*n**2 - n + 314. Let g be d(0). Let z = g - k. What are the prime factors of z?
199
List the prime factors of -7 + 13 + 11440/(0 - -4).
2, 1433
Let n = -144 - -221. Suppose 68*s - n*s = -2043. What are the prime factors of s?
227
Let z be (-3 + 0/10)*88/(-6). Suppose -4*s + 2*r + 6 = 5*r, -5*s - 5*r + 5 = 0. Suppose -s*c - c + z = 0. What are the prime factors of c?
11
Let d = 30 + -27. Let x be d + (-28)/182 + (-80)/(-13). Suppose -h - 4*f + 111 = -x*f, 4*f - 180 = -2*h. What are the prime factors of h?
2, 3
Suppose -3627 = -n + 3*s, -4*n + 14604 = 28*s - 24*s. List the prime factors of n.
3, 5
Let q = 22491 - 4829. List the prime factors of q.
2, 8831
Let g = 47092 - 22584. List the prime factors of g.
2, 11, 557
Suppose 39 + 26 = -5*v. Let g = v + 18. Suppose 0*l - 15 = -g*l. What are the prime factors of l?
3
Let j(d) = 170*d**2 + d. Let h be j(-1). Let m be (-2 - -5) + 106 + 8. Let y = h - m. List the prime factors of y.
2, 13
Let g(i) = 28*i**2 + 107*i + 152. What are the prime factors of g(38)?
2, 5, 19, 47
Let g be 4/12 - (-5552)/12. Suppose 0 = -4*l + 3*j + 619, j + g = l + 2*l. Let s = 276 - l. List the prime factors of s.
2, 61
Let v(b) = -636*b**3 - 8*b**2 - 41*b - 62. What are the prime factors of v(-2)?
2, 3, 47
Suppose -2491770 - 2868113 = -228*v - 376031. List the prime factors of v.
21859
Let m(v) = 44*v - 2. Let d(c) = -c. Let g be ((-4)/7)/(24/(-168)). Let q(t) = g*d(t) + m(t). What are the prime factors of q(7)?
2, 139
Let u(a) = 84*a**2 + a - 2. Suppose -2*v - 2 = -4. Let z be u(v). What are the prime factors of z/(3/(-12)*-2)?
2, 83
Let r(y) = 65*y**3 + 5*y**2 + 9*y - 17. List the prime factors of r(4).
4259
Suppose -33268 = -2*l - h + 11983, 4*l = 2*h + 90530. List the prime factors of l.
3, 19, 397
Let p = 90 - 70. Suppose -6*m = -2*m + p. List the prime factors of -4*m/(20/128).
2
Let d(a) = 933*a - 620. List the prime factors of d(11).
9643
Let c be (-9)/(-15)*(1 - -4). Let u(r) = r**2 - 12*r + 20. Let q be u(10). Suppose -4*y = h - 89, -h + c*h + 4*y - 162 = q. What are the prime factors of h?
73
Let m = -2950 + 3198. What are the prime factors of m?
2, 31
Let o = 11812 - 6814. What are the prime factors of o?
2, 3, 7, 17
Let p(h) = -5*h**3 - 68*h**2 + 19*h - 55. List the prime factors of p(-16).
2713
Suppose -3*o - 42 + 46 = -56. List the prime factors of o.
2, 5
Let d(w) = 2*w**2 - 10*w - 9. Let m be d(9). Suppose -2*q - o + m + 441 = 0, 242 = q - 2*o. List the prime factors of q.
2, 5
Suppose 5*g - v + 46794 = 10*g, 2*v + 46797 = 5*g. List the prime factors of g.
7, 191
Suppose 8*r = 9*r - 12362. List the prime factors of r/21 - (-1)/3.
19, 31
Let z(f) = f**3 + 31*f**2 + 19*f + 3. Let v = 130 + -159. What are the prime factors of z(v)?
2, 3, 7
What are the prime factors of (-8)/(-12) - (54038/(-6) + -11)?
2, 3, 167
Let z(l) = 773*l - 76. List the prime factors of z(6).
2, 2281
Let f(d) = -4*d - 189*d**2 + 11 + 4*d - 5. Let v(o) = 379*o**2 + o - 13. Let y(b) = -7*f(b) - 3*v(b). List the prime factors of y(-1).
2, 3, 31
Let k be 9/(-3) + 54/9. Suppose 6 = k*d, -4*d + 2921 = 21*n - 18*n. What are the prime factors of n?
971
Suppose -30863 = -26*u + 111955. What are the prime factors of u?
3, 1831
List the prime factors of 1/(10/40) - (2 - 18120).
2, 13, 17, 41
Let g be (-2)/((-2)/(-6)*3). Let u = -34 + g. Let m = -7 - u. List the prime factors of m.
29
Let y be (63528/(-60))/((-4)/(-5))*-2. Let o = y - 1864. What are the prime factors of o?
3, 29
Let k(z) = -5*z + 15. Let j(t) = -4*t + 15. Let m(i) = 4*j(i) - 3*k(i). Let h be m(-5). What are the prime factors of 245/h*(3*8)/3?
2, 7
Suppose -3*i + 2*f - 64 = 0, 11*i - 4*f = 13*i + 32. Let o(h) = h**3 + 20*h**2 - 18*h + 66. List the prime factors of o(i).
2, 3, 71
Let k(d) = -d**3 + 126*d**2 + 228*d - 1519. What are the prime factors of k(124)?
5, 7, 31, 53
Let u = 9638 - 3044. What are the prime factors of u?
2, 3, 7, 157
Suppose 3*b - 240 = -k, -29*k - 4*b + 470 = -27*k. List the prime factors of k.
3, 5
Suppose 4*z - 5105 = 3*z + 3*b, -4*b = 5*z - 25449. Suppose 27*o - z = 16*o. What are the prime factors of o?
463
Suppose 55 = 4*v + 5*z, -5*z + 0 = -15. Suppose -v*t + 29*t = -57. List the prime factors of (4/t)/(-2) - (-451)/3.
151
Suppose 11*y = 8*y - 27. List the prime factors of (y - -18)*(-160)/(-3).
2, 3, 5
Suppose 12 + 0 = 3*p. Suppose -13*b = 5*b - 612. List the prime factors of (-42)/10*(p - b).
2, 3, 7
Let p(g) be the third derivative of 77*g**5/30 - 5*g**4/12 - 4*g**3 + 12*g**2 - 3. What are the prime factors of p(-3)?
2, 3, 29
Suppose 7578 = 33*o + 1638. Suppose 16*k - 31*k = -o. What are the prime factors of k?
2, 3
Suppose -45023 - 25446 = -7*q. What are the prime factors of q?
10067
Let i(t) = -15*t + 0 + 9 + 52*t + 8*t. Let j(l) = -90*l - 18. Let f(r) = 9*i(r) + 4*j(r). What are the prime facto